Let c be q(-1). Let g be ((-8)/4)/(2/(-6)). What is the highest common factor of g and c?
6
Suppose -2*a + 5*z - 39 = 0, 0 = 29*a - 31*a - 3*z - 47. Let b be 2/4*(1 - -7). Let q be (a/b)/((-2)/76). Calculate the greatest common divisor of q and 19.
19
Let r be -4 - (-736)/(24/6). What is the highest common factor of 24 and r?
12
Let v(k) = 5*k**2 - 23*k - 102. Let x be v(-5). What is the greatest common factor of 1311 and x?
69
Suppose -3*w - 2618 = -20*w. What is the greatest common divisor of 22 and w?
22
Let g(i) = i. Let s(p) = -12*p - 19. Let a(j) = -3*g(j) - s(j). Let w be a(8). Calculate the highest common factor of 13 and w.
13
Let d(w) = -91*w**3 - w**2 - 6*w - 28. Let l be d(-3). Calculate the highest common factor of l and 46.
46
Suppose -k - 12 + 351 = 2*i, 2*k = -6. Let h(c) = 2*c - 17. Let s be h(13). What is the greatest common factor of i and s?
9
Let s = 9 + -12. Let v be (3 + s)/2 + (4 - -11). Calculate the greatest common factor of 5 and v.
5
Suppose 27 = s - 4*n, s + 5*n = 3*n + 3. Let d(q) = 3*q**3 - 179*q**2 - 52*q - 183. Let p be d(60). Calculate the highest common divisor of s and p.
11
Let y be ((-59)/118 - 3/2)*-240. What is the highest common factor of 48 and y?
48
Let w be ((-3)/(0 + 9))/(13/(-897)). What is the greatest common factor of w and 92?
23
Let t be 3/((-6)/10)*-9. Suppose -5*v + 5*x = -395, -3*v = 5*x - 176 - 69. Let r = v - t. What is the greatest common divisor of r and 7?
7
Suppose 3*k - 5*q = -0*k + 14, -k = 2*q - 12. Let c be 1/(-2) + 97/2. Suppose -6*s + c = -2*s. What is the greatest common factor of s and k?
4
Suppose -m = -5*m + 5*w + 98, -w = -4*m + 90. Calculate the greatest common divisor of m and 77.
11
Suppose -5*f + 4*q - 217 = -721, -q + 316 = 3*f. Calculate the greatest common divisor of 78 and f.
26
Suppose 4*y + 9 + 11 = 0, 2*l - y = 67. What is the highest common divisor of l and 248?
31
Suppose 4*f - 121 = 3539. Calculate the greatest common factor of 30 and f.
15
Suppose 1222 = 4*o + 3*z, 6*o + z - 1522 = o. What is the greatest common factor of o and 19?
19
Let s be 37/(9*(-2)/(-162)). Calculate the greatest common divisor of 1221 and s.
111
Suppose 5*z - 4 = -2*b - 14, -b - 10 = 5*z. Let l be ((-1)/(-2))/(1/z). Let w be (6/(-15))/(l/95). Calculate the highest common divisor of w and 95.
19
Let s(h) = 11*h - 163. Let g be s(18). What is the greatest common factor of 65 and g?
5
Let s(h) = 356*h**2 + 36*h + 37. Let x be s(-1). What is the highest common factor of x and 336?
21
Let u(r) = r**3 - r**2 + 4*r - 3. Let t be u(-4). Let s = t - -102. What is the greatest common divisor of s and 1?
1
Suppose 4 + 14 = -3*r. Let c be ((-16)/r + -4)*-9. Suppose -13 = -p + c. Calculate the highest common factor of 175 and p.
25
Let s = 118 - 83. Let w be 1403/8 + (-27)/8 + 3. What is the highest common factor of s and w?
35
Let p(m) = -m**2 - 5*m + 20. Let o be p(-8). Let n(k) = -7*k - 10. Let v be n(o). What is the highest common factor of v and 27?
9
Suppose 22 = 2*g - 4*z, 0 - 5 = -g + 5*z. What is the highest common factor of 480 and g?
15
Let a(m) be the first derivative of -9*m**2/2 - 47*m - 2. Let z be a(-6). Calculate the highest common divisor of z and 2.
1
Let r be 6/(5/(-10)*-3). Suppose 213 = 2*m - y, r*y + 322 = 3*m + 2*y. Calculate the greatest common divisor of 13 and m.
13
Let c(x) = -x**2 + 15*x - 7. Let s be c(14). Suppose s*v - 15 = 2*v, o = 2*v - 18. Let b be (10/(-3))/(o/18). What is the greatest common factor of 1 and b?
1
Let y be 27/(-6)*2/1 + 3. Let i(u) = 8*u**2 + 44*u + 4. Let n be i(y). What is the greatest common factor of 56 and n?
28
Suppose x = 4*x - 426. Suppose 4*n - x = 5*a + 219, -356 = -4*n + 4*a. What is the greatest common divisor of n and 14?
14
Suppose -7 = 2*x + 1. Let c be x/(-14) - 4384/56. Let s = -38 - c. Calculate the greatest common factor of s and 10.
10
Let t(s) = -5*s - 47. Let i be t(-23). Suppose 29 = 2*g - 3*y - i, -4*g - 2*y + 170 = 0. Calculate the greatest common factor of 4 and g.
4
Let b(k) = -200*k**3 + k - 1. Suppose 3*f = 5*z - 1, 2*f = -8*z + 7*z - 5. Let m be b(z). What is the highest common factor of m and 18?
18
Suppose -3159 = -1358*i + 1331*i. What is the highest common factor of i and 533?
13
Let h = 51 - 79. Let x = h - -46. What is the greatest common divisor of x and 12?
6
Let b(h) = 4*h + 91. Let q be b(-4). Calculate the greatest common factor of 100 and q.
25
Suppose -6*a + 7*a = 10. Calculate the highest common factor of 235 and a.
5
Let y be 1884/15 + 12/30. Calculate the highest common factor of y and 315.
63
Let w(z) = 27*z**3 + 2*z**2 - 5*z + 3. Let i be w(1). Let v = 0 + 4. Suppose -v*r + 5 = -7. What is the highest common factor of i and r?
3
Suppose -2*o + 24 = 2*o - 3*g, -4*o = -5*g - 24. What is the highest common divisor of o and 6?
6
Let i = -11 + 13. Let l be (13 - 10)/(i/(-10)). Let g(p) = p**3 + 15*p**2 - 6*p + 15. Let t be g(l). What is the highest common factor of t and 15?
15
Let q be 15/9*((-3672)/(-15))/4. What is the greatest common divisor of q and 6?
6
Let r(z) = z + 15. Let q be r(13). What is the highest common factor of 252 and q?
28
Let p(l) = -l**3 + 5*l**2 + 6*l - 9. Let r be p(5). What is the highest common factor of 9 and r?
3
Suppose 21*v - 365 - 1714 = 0. What is the greatest common factor of v and 231?
33
Suppose -a - 322 = -325. What is the greatest common divisor of a and 81?
3
Suppose 5*o + 9225 = 5*w, 0 = 2*w - 23*o + 27*o - 3708. Calculate the highest common divisor of w and 504.
168
Let i(p) = 2*p - 8. Let b be i(6). Suppose b*m - 20 = 12. Let u be (-74 - -74) + (-12)/(-1). What is the greatest common factor of u and m?
4
Let m = 671 + -268. Calculate the highest common divisor of m and 26.
13
Let d(w) = w - 2. Let z be d(-4). Let u be (z/(-12))/((-1)/(-16)). Suppose 4*a + m - u = 2*m, 10 = 5*a + 3*m. Calculate the greatest common divisor of 3 and a.
1
Let g(m) = -2*m + 0*m - 2*m + 2. Let p be g(-2). Let v be (4 - -1) + 19/(342/(-18)). Calculate the highest common divisor of p and v.
2
Suppose -2*k - 3*s + 97 = 0, 0 = 4*k - s + 4*s - 197. Let g = k + -77. Let j = g + 71. Calculate the greatest common factor of j and 22.
22
Suppose -74 = -3*h + 4. Suppose 0 = d + 4 - 17. Calculate the highest common factor of h and d.
13
Let w(c) = 2*c**2. Let r be w(4). Calculate the greatest common divisor of r and 8.
8
Let q(h) = 2*h**2 + 10*h - 7. Let u be q(-6). Suppose -3*g + 82 = 2*i, -4*i + 156 = u*g + 18. Calculate the highest common divisor of g and 52.
26
Let w(q) = 123*q + 18. Let u be w(3). Let t be (21/2)/(u/(-132) - -3). What is the highest common divisor of t and 14?
14
Let p(x) = x**3 - 26*x**2 - 53*x - 49. Let n be p(28). What is the greatest common divisor of n and 945?
35
Let g(q) = 3*q + 31. Let x be g(-8). Suppose -x*t + 159 + 23 = 0. Calculate the greatest common factor of 39 and t.
13
Let k be 14*(-1 - 75/(-21)). Let n(j) = 12*j**2 - 2*j + 1. Let c be n(2). Suppose -h - c = -6*h. Calculate the highest common factor of h and k.
9
Let v(l) = l**3 - 16*l**2 - 17*l + 22. Let q be v(17). Calculate the highest common divisor of 11 and q.
11
Suppose 4*x = -9 - 3, -r - 3*x = -558. Calculate the greatest common factor of 108 and r.
27
Let o(y) = 13*y + 8 + 12 - 82*y**3 + 81*y**3 + 13*y**2. Let i be o(14). What is the highest common factor of 66 and i?
6
Let n = 26 + -28. Let q be -3*(0 - (n - -3)). Calculate the greatest common factor of 3 and q.
3
Suppose 31*t - 336 = 24*t. Calculate the highest common divisor of 6 and t.
6
Let g be 117*(-1 + (5 - 3)). Let v(h) = 9*h + 81. Let r be v(-8). Calculate the highest common factor of r and g.
9
Let o(r) = -r**2 - 7*r + 1. Let a be o(-7). Let z be (2/a)/((-22)/(-4873)). Suppose 2*j + 113 = z. What is the greatest common factor of 15 and j?
15
Let y(m) = -6*m - 1. Let d be y(-2). Suppose 4*q - 49 = d. Calculate the greatest common factor of 6 and q.
3
Suppose 61*i - 123080 = -24*i. Calculate the highest common factor of i and 8.
8
Let v = 378 - 171. Calculate the highest common factor of v and 9.
9
Let t be (-54)/(-15) + 2/5. Suppose 2*p = t*p - 14. Suppose 3*h - 5*u - 143 = 0, 45 = -5*h + 5*u + 300. Calculate the highest common divisor of h and p.
7
Let a(b) = b**2 + 11*b - 118. Let u be a(-19). What is the highest common factor of u and